(-12)/(-1134)). Calculate the greatest common factor of t and 1.
1
Let l be 4298/119 + (-4)/34. What is the greatest common divisor of l and 45?
9
Let t be ((-186)/30 - -5) + 681/5. Calculate the highest common divisor of t and 10.
5
Suppose -5*j + 528 = 4*a, 2*j - 206 = -0*a + a. Let n be (j/(-6))/((-12)/18). Let t = n - 18. What is the greatest common divisor of t and 16?
8
Let i(r) = 13*r + 40. Let f be i(0). What is the greatest common factor of f and 15?
5
Let t be 12*(-1 - (-39)/9). Let z be 12/(42/t - 1). Suppose 4*p = 6*p - z. What is the greatest common divisor of p and 15?
15
Let v(k) = k**3 - 20*k**2 - 13*k - 61. Let n be v(22). What is the greatest common factor of n and 9?
9
Suppose -2*r - 700 = -7*r. Let w be (-4)/((-40)/15) - 37/(-2). What is the greatest common factor of w and r?
20
Let o be -6 + (-3)/(-7)*49. Let p(l) = l**2 + 4*l + 3. Let k be p(-4). What is the highest common divisor of k and o?
3
Let c be (-4 - -5) + 4 - (-6)/(-2). Suppose -4*p - 5*d + 191 = 0, c*p - 5*d = p + 79. What is the highest common divisor of p and 81?
27
Suppose -4*t - 371 = 125. Let y = t - -148. Calculate the greatest common factor of y and 60.
12
Let n = -14 + 176. Suppose -14*f + 11*f = 4*m - 63, -2*m + 2*f + 42 = 0. What is the greatest common divisor of n and m?
18
Let z be 3 + 108 + (-8)/(-2). Let f(a) = a + 29. Let m be f(17). Calculate the greatest common factor of z and m.
23
Let i be -1 + (-81)/(-3) + 4. Let z be (6/(-10))/((-9)/i). Let a be (z - -16)*(-5)/(-2). What is the greatest common divisor of a and 18?
9
Let k be (-1)/(-3)*(-10 - -22). Suppose -200 - 30 = -2*c + 2*d, 3*c - 351 = 5*d. Suppose h = 5*h - c. What is the highest common factor of k and h?
4
Let s = -7 + 9. Suppose 4*r = 5*p + 87, s*r + p - 71 = -2*p. Let j = r - 10. Calculate the greatest common factor of 2 and j.
2
Let p = -92 - -104. Suppose -5 - 3 = l. Let m be 10/(-4)*l/10. What is the highest common divisor of m and p?
2
Suppose -579 + 695 = 4*r. What is the greatest common divisor of 783 and r?
29
Let q = -36 - -98. What is the highest common factor of 62 and q?
62
Suppose c + 21 = 121. Suppose 0*j = -5*j + 1390. Suppose -5*d - 78 + j = 0. Calculate the greatest common factor of d and c.
20
Let i = -537 - -577. Calculate the greatest common divisor of 240 and i.
40
Let l = 40 + -32. Suppose 56 = l*m - 4*m. Calculate the highest common divisor of 7 and m.
7
Let z = 29 - 25. Suppose z*y = 5*y - 134. Let w = y - 95. Calculate the highest common factor of w and 13.
13
Let o = -73 + 348. Let l be (-45)/6*(40/12)/(-1). What is the highest common factor of o and l?
25
Suppose -62*u + 518 = -55*u. Let w = u - 62. What is the greatest common factor of 24 and w?
12
Suppose -5*t - 22 = -16*t. Suppose 5 + 6 = -b - 4*c, 2*c + t = -4*b. Calculate the highest common divisor of b and 2.
1
Suppose m - 5*m = o - 132, 2*o = 2*m + 224. Let n = -100 + o. What is the greatest common factor of n and 64?
16
Let j(w) = w**3 + 4*w**2 + 5. Let r be j(-4). Let l = r - -4. Suppose -189 = 4*b - 11*b. Calculate the highest common divisor of b and l.
9
Suppose 3*k - 261 = -r, 5*k - 413 = -4*r + 15. Let x be (-2)/(-2*4/k). What is the greatest common factor of x and 22?
22
Let s(y) = y**3 + 14*y**2 + 13*y - 12. Let h be s(-13). Let v(g) = g**3 + 11*g**2 - 18*g - 8. Let u be v(h). What is the greatest common divisor of u and 160?
32
Suppose 3 = -11*a + 14*a. Suppose -3*m - 12 = 3*y, 0 = -0*y + 4*y + 20. What is the highest common divisor of m and a?
1
Let z = -2 + -4. Let b be (-2)/3 - 814/z. Suppose 2*f = -t + 4*t - 57, 2*t - f = 36. What is the highest common factor of t and b?
15
Suppose 3*h - 80 = -4*o, -25 - 65 = -4*h + 3*o. What is the highest common divisor of h and 1656?
24
Suppose -4*f = -16, -4*t + f + 4 = -f. Suppose 2*w - 12 = -w + t*k, -5*k = -w + 12. Calculate the highest common divisor of w and 3.
1
Suppose -t + 4 = 8. Let d = t + 8. Suppose -4 - 12 = -d*b. Calculate the highest common divisor of 4 and b.
4
Suppose 4 = 4*x - 20. Let m be 17/((-255)/(-108))*30/4. What is the greatest common divisor of m and x?
6
Suppose 3*s = -3*w, 4*s = -5*w + 5*s - 6. Let i(m) = -18*m + 2. Let k be i(w). Calculate the greatest common factor of 4 and k.
4
Let q be ((-138)/(-24)*-1)/(4/(-208)). Calculate the highest common factor of q and 39.
13
Suppose 338 = -3*t + 4*m - 3*m, 230 = -2*t + 3*m. Let u = t - -144. What is the greatest common factor of 224 and u?
32
Suppose 3*z - 25 = 5*t, 14 = -z + 3*z - 4*t. Let x be 58 + 0 - ((1 - 2) + 4). Suppose -x*q + 15 = -52*q. What is the greatest common divisor of z and q?
5
Let r = 232 + -230. Calculate the greatest common divisor of r and 62.
2
Let p(d) = d + 12. Let a be p(-7). Let h be (20 - -2)/(5/a). Calculate the greatest common factor of h and 44.
22
Suppose -143 = -6*y + 427. What is the greatest common factor of 25 and y?
5
Suppose l - 74 = -5*g, 0 = -3*l - 0*g - 5*g + 182. Suppose -5*n = -l + 9. Let s = 131 + -59. Calculate the greatest common factor of s and n.
9
Suppose 0 = 2*a - 2, 5*f - 138 = -5*a + 542. Let m be ((-4)/(-6))/(9/f) + -2. Calculate the highest common factor of m and 32.
8
Let k(l) = -l + 9. Let m be k(-12). Suppose m - 45 = -2*s. What is the greatest common factor of s and 24?
12
Let b(z) = -2*z**3 - 4*z**2 - 4*z - 1. Let g = -4 - -1. Let i be b(g). Calculate the greatest common factor of i and 290.
29
Suppose -2*r + 6775 = r - 5*n, -n + 4508 = 2*r. Calculate the greatest common divisor of 55 and r.
55
Suppose 4*b - f = 166, -f - 4*f - 10 = 0. Suppose 5*r = 2*v + 213, r - v = -0*r + 45. Calculate the highest common divisor of b and r.
41
Suppose 22 + 3 = 5*n, 0 = 3*b - n + 5. Suppose b*x = -x + 1. Calculate the highest common divisor of 1 and x.
1
Let f = -20 - -22. Suppose -f*a = -4*t + 14, -a + 1 = -0*a. Suppose 4*s + 3*y = 73, -72 = -0*s - 4*s - t*y. What is the greatest common divisor of 19 and s?
19
Let m(p) = -p**3 + 7*p**2 - 50*p + 203. Let o be m(5). Let j = 3 - 1. Let c = 4 - j. What is the greatest common factor of o and c?
1
Let d be ((-3)/4)/(3/(-36)). Suppose -4*r + 1071 = 235. Suppose r = 4*o - 79. Calculate the greatest common divisor of o and d.
9
Let x(f) = 19*f**2 - 4. Let d be x(2). Suppose d = 4*g + 8. What is the highest common divisor of g and 24?
8
Let b be ((-75)/(-10))/(9/30). Calculate the highest common factor of 225 and b.
25
Suppose 0 = -5*n - 1012 - 208. Let l be n/(-16) + 3/(-12). Calculate the greatest common factor of l and 15.
15
Suppose 2*r + 5*c = -r + 107, 3*r - 2*c - 79 = 0. Let o(j) = -7*j - 5. Let b be o(-9). Calculate the highest common divisor of b and r.
29
Let o(r) = 241*r**3 + 2*r**2 - 1. Let y be o(1). Let g be 47 + -38 - (-11 + -2). What is the greatest common factor of g and y?
22
Let u = 345 - 253. Calculate the highest common divisor of 138 and u.
46
Let p be (1 + -6)/(4/(-52)). Suppose 659 = 2*t - p. Suppose 7*d = -152 + t. Calculate the highest common factor of d and 90.
30
Let c(q) = q**2 - 5. Let u be c(-4). Let d = 8 - u. Let s(v) = -v**3 + 2*v**2 + 2*v. Let m be s(d). What is the greatest common factor of m and 26?
13
Let q(j) = j**3 + 8*j**2 + 7*j - 22. Let t be q(-5). What is the highest common factor of 342 and t?
18
Suppose x - 5*n = -3*x + 53, 0 = 5*x - 5*n - 65. Let c = 9 + 4. Suppose c*l - 90 = 8*l. Calculate the greatest common divisor of l and x.
6
Suppose 22*k = 20*k + 616. Suppose 0 = -5*g + 457 + k. Calculate the highest common factor of g and 17.
17
Let x = -1869 + 2217. What is the highest common divisor of 72 and x?
12
Suppose 8*v - 294 = v. Calculate the highest common factor of 1596 and v.
42
Let t be 276/36 + (-1)/(-3). Let n = 96 - 56. Calculate the greatest common divisor of n and t.
8
Let u be (-22)/(-11) + 347*-1. Let x = u + 713. Calculate the greatest common factor of x and 46.
46
Suppose 4*b - 2 = -2*m, 0 = b - 3*m - 9 - 2. Suppose 3*o - 4*d = 3, -5*d + 3*d + 11 = o. Let f = o - b. What is the highest common divisor of f and 18?
3
Let o be -1 + 3*121/3. Suppose 0 = 4*a - 5*a + o. Let k(f) = 8*f - 2. Let c be k(4). Calculate the greatest common factor of c and a.
30
Suppose 7547*d = 7525*d + 616. Let b = 1 + -1. Let y be (-28)/(b - (-1)/(-1)). What is the highest common divisor of d and y?
28
Suppose 11*z - 709 = 1667. What is the greatest commo